{"id":32635,"date":"2025-08-18T10:03:14","date_gmt":"2025-08-18T14:03:14","guid":{"rendered":"https:\/\/www.nwcmotorsports.ca\/atv\/can-am-renegade-efi-70-iceberg-blue-black-2026\/"},"modified":"2025-09-11T16:02:04","modified_gmt":"2025-09-11T20:02:04","slug":"can-am-renegade-efi-70-iceberg-blue-black-2026","status":"publish","type":"atv","link":"https:\/\/www.nwcmotorsports.ca\/fr\/vtt\/can-am-renegade-efi-70-iceberg-blue-black-2026\/","title":{"rendered":"Can-Am Renegade EFI 70 Iceberg Blue &#038; Black 2026"},"featured_media":0,"template":"","price-range":[3],"acf":{"new_vehicle_instock_make":"Can-Am","new_vehicle_model":"Renegade EFI 70 Iceberg Blue & Black","new_vehicle_year":"2026","new_vehicle_type":"Renegade","new_vehicle_colours":"Iceberg Blue & Black","new_vehicle_description":"","new_vehicle_instock_images":[{"new_vehicle_image":"https:\/\/cdn.powergo.ca\/media\/catalog\/2025\/34\/005757a1a3c0445680b4f6d097adc8aa_1024x768_webp\/can-am-renegade-efi-70-iceberg-blue-black-2026-0.webp"}],"new_vehicle_price":"3999.00","new_vehicle_price_discount":"","new_vehicle_price_fees_included":false,"new_vehicle_specs":[{"new_vehicle_spec_label":"Type","new_vehicle_spec_value":"Monocylindre 4\u00a0temps refroidi par air","new_vehicle_spec_group":"Moteur"},{"new_vehicle_spec_label":"Transmission","new_vehicle_spec_value":"Transmission CVT Marche avant, point mort, marche arri\u00e8re","new_vehicle_spec_group":"Moteur"},{"new_vehicle_spec_label":"Groupe motopropulseur","new_vehicle_spec_value":"Cha\u00eene\/2\u00a0x\u00a04 Syst\u00e8me de d\u00e9marrage \u00e9lectrique","new_vehicle_spec_group":"Moteur"},{"new_vehicle_spec_label":"Assistance \u00e0 la conduite","new_vehicle_spec_value":"N\/D","new_vehicle_spec_group":"Moteur"},{"new_vehicle_spec_label":"Suspension avant","new_vehicle_spec_value":"Bras simple D\u00e9battement de 12,7\u00a0cm (5\u00a0po)","new_vehicle_spec_group":"Suspensions"},{"new_vehicle_spec_label":"Amortisseurs avant","new_vehicle_spec_value":"Bi-tube","new_vehicle_spec_group":"Suspensions"},{"new_vehicle_spec_label":"Suspension arri\u00e8re","new_vehicle_spec_value":"Bras oscillant D\u00e9battement de 15,2\u00a0cm (6\u00a0po)","new_vehicle_spec_group":"Suspensions"},{"new_vehicle_spec_label":"Amortisseurs arri\u00e8re","new_vehicle_spec_value":"Bi-tube","new_vehicle_spec_group":"Suspensions"},{"new_vehicle_spec_label":"Pneus avant","new_vehicle_spec_value":"17\u00a0x\u00a07\/8\u00a0x\u00a08\u00a0po","new_vehicle_spec_group":"Pneus\/Roues"},{"new_vehicle_spec_label":"Pneus arri\u00e8re","new_vehicle_spec_value":"17\u00a0x\u00a07\/8\u00a0x\u00a08\u00a0po","new_vehicle_spec_group":"Pneus\/Roues"},{"new_vehicle_spec_label":"Roues","new_vehicle_spec_value":"Acier de 8\u00a0po","new_vehicle_spec_group":"Pneus\/Roues"},{"new_vehicle_spec_label":"Frein avant","new_vehicle_spec_value":"Freins \u00e0 tambour doubles","new_vehicle_spec_group":"Freins"},{"new_vehicle_spec_label":"Frein arri\u00e8re","new_vehicle_spec_value":"Freins \u00e0 tambour simples","new_vehicle_spec_group":"Freins"},{"new_vehicle_spec_label":"LxLxH","new_vehicle_spec_value":"150\u00a0x\u00a097\u00a0x\u00a092\u00a0cm (59\u00a0x\u00a038\u00a0x\u00a036\u00a0po)","new_vehicle_spec_group":"Dimensions Capacit\u00e9s"},{"new_vehicle_spec_label":"Garde au sol","new_vehicle_spec_value":"18,5 cm (7,3 po) sous le cadre \/ 9 cm (3,5 po) sous l\u2019essieu arri\u00e8re","new_vehicle_spec_group":"Dimensions Capacit\u00e9s"},{"new_vehicle_spec_label":"Type de jauge","new_vehicle_spec_value":"T\u00e9moins lumineux : point mort, marche arri\u00e8re, niveau de carburant et contr\u00f4le du moteur","new_vehicle_spec_group":"Jauge"},{"new_vehicle_spec_label":"Compteur","new_vehicle_spec_value":"T\u00e9moins lumineux : point mort, marche arri\u00e8re, niveau de carburant et contr\u00f4le du moteur","new_vehicle_spec_group":"Caract\u00e9ristiques"},{"new_vehicle_spec_label":"Freins","new_vehicle_spec_value":"Standard","new_vehicle_spec_group":"Caract\u00e9ristiques"},{"new_vehicle_spec_label":"Suspension","new_vehicle_spec_value":"Standard","new_vehicle_spec_group":"Caract\u00e9ristiques"},{"new_vehicle_spec_label":"Treuil","new_vehicle_spec_value":"N\/D","new_vehicle_spec_group":"Caract\u00e9ristiques"},{"new_vehicle_spec_label":"Protection","new_vehicle_spec_value":"Pare-choc avant, Entretoises de marchepieds amovibles avec rallonges de hauteur","new_vehicle_spec_group":"Caract\u00e9ristiques"}],"new_vehicle_order":"2070710","new_vehicle_managed_instock":true,"new_vehicle_brochure_url":""},"_links":{"self":[{"href":"https:\/\/www.nwcmotorsports.ca\/fr\/wp-json\/wp\/v2\/atv\/32635"}],"collection":[{"href":"https:\/\/www.nwcmotorsports.ca\/fr\/wp-json\/wp\/v2\/atv"}],"about":[{"href":"https:\/\/www.nwcmotorsports.ca\/fr\/wp-json\/wp\/v2\/types\/atv"}],"wp:attachment":[{"href":"https:\/\/www.nwcmotorsports.ca\/fr\/wp-json\/wp\/v2\/media?parent=32635"}],"wp:term":[{"taxonomy":"price-range","embeddable":true,"href":"https:\/\/www.nwcmotorsports.ca\/fr\/wp-json\/wp\/v2\/price-range?post=32635"}],"curies":[{"name":"wp","href":"https:\/\/api.w.org\/{rel}","templated":true}]}}

Transmission CVT Marche avant, point mort, marche arrière

Chaîne/2 x 4 Système de démarrage électrique

Assistance à la conduite

Bras simple Débattement de 12,7 cm (5 po)

Suspension arrière

Bras oscillant Débattement de 15,2 cm (6 po)

Amortisseurs arrière

Pneus arrière

Freins à tambour doubles

Frein arrière

Freins à tambour simples

Dimensions Capacités

18,5 cm (7,3 po) sous le cadre / 9 cm (3,5 po) sous l’essieu arrière

Témoins lumineux : point mort, marche arrière, niveau de carburant et contrôle du moteur

Caractéristiques
