{"id":33520,"date":"2026-04-29T10:59:27","date_gmt":"2026-04-29T14:59:27","guid":{"rendered":"https:\/\/www.nwcmotorsports.ca\/motorcycle\/yamaha-tenere-700-world-raid-noir-minuit-2026\/"},"modified":"2026-04-29T13:37:25","modified_gmt":"2026-04-29T17:37:25","slug":"yamaha-tenere-700-world-raid-noir-minuit-2026","status":"publish","type":"motorcycle","link":"https:\/\/www.nwcmotorsports.ca\/fr\/motocyclette\/yamaha-tenere-700-world-raid-noir-minuit-2026\/","title":{"rendered":"Yamaha T\u00e9n\u00e9r\u00e9 700 World Raid Noir minuit 2026"},"featured_media":0,"template":"","price-range":[6],"acf":{"new_vehicle_instock_make":"Yamaha","new_vehicle_model":"T\u00e9n\u00e9r\u00e9 700 World Raid Noir minuit","new_vehicle_year":"2026","new_vehicle_type":"Adventure","new_vehicle_colours":"Noir minuit","new_vehicle_description":"","new_vehicle_instock_images":[{"new_vehicle_image":"https:\/\/cdn.powergo.ca\/media\/catalog\/2026\/18\/c1d5ea69c439423fb36fe3b353fc381f_1024x768_webp\/yamaha-tenere-700-world-raid-noir-minuit-2026-0.webp"}],"new_vehicle_price":"16999.00","new_vehicle_price_discount":"","new_vehicle_price_fees_included":false,"new_vehicle_specs":[{"new_vehicle_spec_label":"Moteur","new_vehicle_spec_value":"2 cyl. en ligne, CP2, DACT, refr. par liquide","new_vehicle_spec_group":"Moteur"},{"new_vehicle_spec_label":"Cylindr\u00e9e","new_vehicle_spec_value":"689 cc","new_vehicle_spec_group":"Moteur"},{"new_vehicle_spec_label":"Al\u00e9sage et course","new_vehicle_spec_value":"80 x 68.6 mm","new_vehicle_spec_group":"Moteur"},{"new_vehicle_spec_label":"Rapport volum\u00e9trique","new_vehicle_spec_value":"11.5:1","new_vehicle_spec_group":"Moteur"},{"new_vehicle_spec_label":"Alimentation","new_vehicle_spec_value":"injection \u00e9lectronique d'essence","new_vehicle_spec_group":"Moteur"},{"new_vehicle_spec_label":"Bo\u00eete de vitesses","new_vehicle_spec_value":"6 rapports","new_vehicle_spec_group":"Moteur"},{"new_vehicle_spec_label":"Entra\u00eenement final","new_vehicle_spec_value":"cha\u00eene \u00e0 galets","new_vehicle_spec_group":"Moteur"},{"new_vehicle_spec_label":"Suspension avant","new_vehicle_spec_value":"fourche invers\u00e9e de 46 mm enti\u00e8rement r\u00e9glable \/ d\u00e9battement de 230 mm","new_vehicle_spec_group":"Partie cycle"},{"new_vehicle_spec_label":"Suspension arri\u00e8re","new_vehicle_spec_value":"Un seul amorto, pr\u00e9contrainte r\u00e9glable (via le r\u00e9gleur \u00e0 distance), compression et amortissement de la force de d\u00e9tente; d\u00e9battement de roue de 220 mm","new_vehicle_spec_group":"Partie cycle"},{"new_vehicle_spec_label":"Freins avant","new_vehicle_spec_value":"deux disques de 282 mm \/ ABS s\u00e9lectionnable","new_vehicle_spec_group":"Partie cycle"},{"new_vehicle_spec_label":"Freins arri\u00e8re","new_vehicle_spec_value":"disque de 245 mm \/ ABS s\u00e9lectionnable","new_vehicle_spec_group":"Partie cycle"},{"new_vehicle_spec_label":"Pneu avant","new_vehicle_spec_value":"90\/90R21 pneu d'aventure","new_vehicle_spec_group":"Partie cycle"},{"new_vehicle_spec_label":"Pneu arri\u00e8re","new_vehicle_spec_value":"150\/70R18 pneu d'aventure","new_vehicle_spec_group":"Partie cycle"},{"new_vehicle_spec_label":"Longueur","new_vehicle_spec_value":"2 370 mm","new_vehicle_spec_group":"Donn\u00e9es diverses"},{"new_vehicle_spec_label":"Largeur","new_vehicle_spec_value":"935 mm","new_vehicle_spec_group":"Donn\u00e9es diverses"},{"new_vehicle_spec_label":"Hauteur","new_vehicle_spec_value":"1 495 mm","new_vehicle_spec_group":"Donn\u00e9es diverses"},{"new_vehicle_spec_label":"Empattement","new_vehicle_spec_value":"1 595 mm","new_vehicle_spec_group":"Donn\u00e9es diverses"},{"new_vehicle_spec_label":"Angle de chasse \/ chasse","new_vehicle_spec_value":"27\u00b0\/105 mm","new_vehicle_spec_group":"Donn\u00e9es diverses"},{"new_vehicle_spec_label":"Garde au sol","new_vehicle_spec_value":"255 mm","new_vehicle_spec_group":"Donn\u00e9es diverses"},{"new_vehicle_spec_label":"Hauteur de selle","new_vehicle_spec_value":"890 mm","new_vehicle_spec_group":"Donn\u00e9es diverses"},{"new_vehicle_spec_label":"Contenance d'essence","new_vehicle_spec_value":"23 l","new_vehicle_spec_group":"Donn\u00e9es diverses"},{"new_vehicle_spec_label":"Masse tous pleins faits","new_vehicle_spec_value":"220 kg","new_vehicle_spec_group":"Donn\u00e9es diverses"},{"new_vehicle_spec_label":"Couleur(s)","new_vehicle_spec_value":"Rouge vif \/ Blanc Noir nuit","new_vehicle_spec_group":"Donn\u00e9es diverses"}],"new_vehicle_order":"102040","new_vehicle_managed_instock":true,"new_vehicle_brochure_url":""},"_links":{"self":[{"href":"https:\/\/www.nwcmotorsports.ca\/fr\/wp-json\/wp\/v2\/motorcycle\/33520"}],"collection":[{"href":"https:\/\/www.nwcmotorsports.ca\/fr\/wp-json\/wp\/v2\/motorcycle"}],"about":[{"href":"https:\/\/www.nwcmotorsports.ca\/fr\/wp-json\/wp\/v2\/types\/motorcycle"}],"wp:attachment":[{"href":"https:\/\/www.nwcmotorsports.ca\/fr\/wp-json\/wp\/v2\/media?parent=33520"}],"wp:term":[{"taxonomy":"price-range","embeddable":true,"href":"https:\/\/www.nwcmotorsports.ca\/fr\/wp-json\/wp\/v2\/price-range?post=33520"}],"curies":[{"name":"wp","href":"https:\/\/api.w.org\/{rel}","templated":true}]}}

Yamaha Ténéré 700 World Raid Noir minuit 2026

Ténéré 700 World Raid Noir minuit

Cylindrée

Alésage et course

Rapport volumétrique

injection électronique d'essence

Boîte de vitesses

Entraînement final

chaîne à galets

fourche inversée de 46 mm entièrement réglable / débattement de 230 mm

Suspension arrière

Un seul amorto, précontrainte réglable (via le régleur à distance), compression et amortissement de la force de détente; débattement de roue de 220 mm

deux disques de 282 mm / ABS sélectionnable

Freins arrière

disque de 245 mm / ABS sélectionnable

Pneu arrière

Données diverses
